 19
Let m(a) = -9*a**3 - 7*a**2 - 10*a - 13. List the prime factors of m(-5).
3, 7, 47
List the prime factors of 390/9*864/40.
2, 3, 13
Suppose q - 5*b - 9 - 18 = 0, 0 = -3*q + 4*b + 70. Let k(t) = -t**3 - 6*t**2 + t + 7. Let p be k(-6). What are the prime factors of (q - 11)/(p/2)?
2, 11
Suppose -13758 = -4*i - n, 4*i = n + 2029 + 11725. List the prime factors of i.
19, 181
Let o = -951 - -1305. List the prime factors of o.
2, 3, 59
Suppose 5 = d - 35. Let s = -121 - -86. Let t = s + d. List the prime factors of t.
5
List the prime factors of 2/10 - (4692/(-15) - 1).
2, 157
Let t = 10 + 1251. List the prime factors of t.
13, 97
Let m be (-1 + (-1)/(-2))*-6. Let n(c) = -c**2 + 4*c. Let y be n(m). Suppose -2*r = 6, 2*r = -y*h + h + 22. What are the prime factors of h?
2, 7
Let c(d) = -251*d + 143. What are the prime factors of c(-15)?
2, 977
List the prime factors of (-3 - (-9681)/14) + 5/2.
691
Let x = -256 + 250. Let d(r) be the third derivative of r**5/30 + 5*r**4/12 + r**3 + r**2. List the prime factors of d(x).
2, 3
Let a be (2/(-4))/(17/204). Let w(u) = u**2 - 7. What are the prime factors of w(a)?
29
Let t(j) = -2*j - 16. Let h be t(-10). Suppose 0 = h*i - 7*i - 4*v + 34, 2*i - v - 41 = 0. What are the prime factors of i?
2, 3
Suppose -6*c - 5*c = -4125. What are the prime factors of c?
3, 5
Suppose -2*l - 4*v + 2536 = 0, 11*v - 6*v = 0. List the prime factors of l.
2, 317
Let l = -3 - -8. Let c(q) = q**2 - q + 7. Let n(h) = -h**2 + 2*h - 7. Let s(d) = -2*c(d) - 3*n(d). List the prime factors of s(l).
2, 3
Let v = 3373 + 99. What are the prime factors of v?
2, 7, 31
Suppose 0 = 5*q - 13 + 3. Let i(n) = 5*n**3 - 6*n + 4. List the prime factors of i(q).
2
Let k = -9 + 13. Let b = -21 + 21. Suppose -20 = -k*d + 2*r, -2*d - 5*r = -b*r - 10. What are the prime factors of d?
5
Suppose -29*r = 2*r - 2945. List the prime factors of r.
5, 19
Suppose 12134 + 3990 = 29*o. What are the prime factors of o?
2, 139
Suppose -4*f - 7*o = -2*o + 338, -2*o + 324 = -4*f. Let g = 37 - f. What are the prime factors of g?
7, 17
Let r(j) = 31*j - 3. Let i be r(1). Suppose -h + 51 = -i. List the prime factors of h.
79
Suppose -2474 = -3*b - 2*y, 0 = -2*b - 3*b - y + 4121. What are the prime factors of b?
2, 103
Let m = -667 + 672. List the prime factors of m.
5
Let b be 0 - ((8 - 4) + -5). Suppose 2*w = 5*m - b, 2*w - m - 8 = -5*m. List the prime factors of w/(-3 - (-52)/17).
2, 17
Let g be 23/(-69) + 77/(-3). Let f be (-4)/g - (-185)/65. Suppose 0 = x + 4*x + 5*w, -f*w = 4*x - 2. List the prime factors of x.
2
Suppose -4*x + 1929 - 4581 = -3*o, -5*o + 5*x = -4415. List the prime factors of o.
2, 5, 11
Let g(a) be the third derivative of -5*a**4/24 + 91*a**3/6 + 4*a**2. Let d(y) = -y + 18. Let w(i) = 11*d(i) - 2*g(i). List the prime factors of w(11).
5
Let s(a) = 3*a - 21 + 9 + 11. What are the prime factors of s(8)?
23
Let m(s) be the first derivative of -5/2*s**2 - 7 - 7*s. What are the prime factors of m(-2)?
3
Suppose 70053 = 32*j - 37787. What are the prime factors of j?
2, 5, 337
Suppose -4*b = -6*b + 464. Suppose -5*h + 218 = -b. What are the prime factors of ((-2)/6)/((-2)/h)?
3, 5
Suppose 2*d + 51 + 29 = 2*x, -3*x - 3*d = -144. Let s = x + -35. List the prime factors of s.
3
Let n(o) = -2*o**3 + 12*o**2 + 11*o + 7. Let d(w) = w**3 - 6*w**2 - 5*w - 4. Let v(i) = -5*d(i) - 2*n(i). What are the prime factors of v(6)?
2, 3
Let q(l) be the third derivative of 29*l**4/24 - 13*l**3/6 - 7*l**2. List the prime factors of q(8).
3, 73
Suppose 16*h = 2*h + 10262. What are the prime factors of h?
733
Let g = 16 - -255. What are the prime factors of g?
271
Suppose 30 = 66*i - 61*i. Let a(r) = r**3 - r**2 + 3*r - 3. List the prime factors of a(i).
3, 5, 13
Suppose 2*s = 3*o - 1058, 3*o + 1602 = -4*s + s. Let p be s/(-16) - 1/4. Let l = -13 + p. What are the prime factors of l?
2, 5
What are the prime factors of (-674)/2*(3 - (-16)/(-4))?
337
Suppose 14*q = -5*q - 703. Let k be (-2)/4 + 76/(-8). What are the prime factors of 0*2/k - q?
37
Let s(f) = 19*f - 37*f + 21*f. Let j(o) = o - 7. Let u be j(11). List the prime factors of s(u).
2, 3
Let x(j) = 35*j - 179. List the prime factors of x(7).
2, 3, 11
List the prime factors of (-185)/(-3)*(18 + (6 - 9)).
5, 37
Let b be ((-1)/(-2))/(381/(-192) - -2). Suppose 23*p - b = 21*p. List the prime factors of p.
2
Let g(o) = o**3 - 3*o**2 - 6*o - 7. Let d(t) = t**2 + 4*t + 9. Let j be d(-3). What are the prime factors of g(j)?
5, 13
Let m = 37 + 476. What are the prime factors of m?
3, 19
Suppose 4*z - 16 = -0*z. Suppose z = 3*d - 8. Suppose -d*i + 267 + 5 = 0. What are the prime factors of i?
2, 17
Let f(d) = -d**3 + 15*d**2 - 9*d - 10. What are the prime factors of f(7)?
11, 29
Let r = -13 - -20. Suppose w + 2*o = r*o - 6, -62 = -3*w - o. Suppose 5*a - 17 = -h - 2, 4*a = -h + w. What are the prime factors of h?
5, 7
Let x(i) = 4895*i**2 - 51*i - 1. What are the prime factors of x(-1)?
5, 23, 43
Let q(s) = 4*s + 7. Let y be q(12). Let d be (-1)/1 + y/(-5). List the prime factors of (14/6)/((-1)/d).
2, 7
List the prime factors of (5 - (-22)/(-4))*-298.
149
Let k(f) = -f**3 + 10*f**2 - 4*f - 10. Let d be k(9). What are the prime factors of 7575/d + 8/14?
7, 31
Suppose -v = 3*v + 8. Let w(h) = h**3 - 8*h - 6. Let j(l) = -3*l**3 + l**2 + 23*l + 17. Let r(y) = 4*j(y) + 11*w(y). List the prime factors of r(v).
2, 3
Let c = 531 + -229. What are the prime factors of c?
2, 151
Suppose 0 = 2*p - 309 - 125. List the prime factors of p.
7, 31
Let k be 2*-1 - (-16 + 11). Suppose k*t - 6 - 57 = 0. Let l = 10 + t. What are the prime factors of l?
31
Suppose -j + 0 = -2. Let h(m) = -7*m - 3 + m**2 - j + 5. List the prime factors of h(-4).
2, 11
Suppose -j + 2*b - 25 = 0, -2*j + b - 40 = 2*b. Let c = j + 25. List the prime factors of 5/(-10) - (-54)/c.
13
Suppose -544 = -d + 1146. What are the prime factors of d?
2, 5, 13
Let o = 45 + -46. List the prime factors of ((-8)/12)/(2/(234/o)).
2, 3, 13
Suppose -10 = 5*m - 3*m. Let v = m - -12. Let d(q) = q**3 - 7*q**2 + 2*q + 5. List the prime factors of d(v).
19
Let n(y) = y**3 + 13*y**2 - 6*y + 25. Let g be n(-12). Suppose g = 2*f - 11. What are the prime factors of f?
2, 3, 7
Let f(q) = -3*q - 3*q**2 + q**2 + 9*q + q**2 - 4. Let m be f(4). Suppose 3*a - a + m*g - 32 = 0, a + 5*g = 28. List the prime factors of a.
2
Let m(s) = -s**3 + 3*s**2 + s + 1. Let f be m(3). Let o be (f/(-2))/(-2)*43. Let j = -25 + o. What are the prime factors of j?
2, 3
Suppose -j = -2*j + 44. Let x = j - -30. List the prime factors of x.
2, 37
Let v be 2 + 9/((-12)/(-4)). Suppose -v*m - 20 = -5*g, -2*m + g - 4 = -6*m. Suppose h - 24 + 9 = m. What are the prime factors of h?
3, 5
Let t = -227 - -438. What are the prime factors of t?
211
Let p(t) = t**3 - 8*t**2 + 6*t - 1. Let a = 28 - 25. Suppose a*r - 32 = -r. List the prime factors of p(r).
47
Let x be (-10)/(-25)*2*(0 - -5). Suppose -f - w + 267 = 52, 0 = -x*f + w + 870. What are the prime factors of f?
7, 31
Let c(n) = 13*n**2 + 2*n + 1. Let l be c(2). Let d be l/(4/(-6) - -1). Suppose -3*o + 3*m = 2*o - 156, 5*o = -2*m + d. What are the prime factors of o?
3, 11
Let w(z) = -65*z + 104. What are the prime factors of w(-11)?
3, 7, 13
Let x(r) = -r**3 - 5*r - 5. Let j be x(-4). Let g = j + -42. What are the prime factors of g?
37
Let o(s) = -s**3 + 7*s**2 + s + 5. Let l be o(7). Let m be (-1 + l - 3)*20. Suppose 2*c = 7*c - m. What are the prime factors of c?
2
Let r(m) = m**3 + 29*m**2 + 48*m + 14. What are the prime factors of r(-27)?
2, 11
List the prime factors of (-10292)/(-26) + ((-965)/65 - -15).
2, 3, 11
Let z = 99 - 99. Suppose -2*a = 3*v - 599, z = 2*a + 6*v - v - 593. What are the prime factors of a?
2, 19
Let j(s) = -s**3 + 6*s**2 + s - 4. Let v be 64/11 + (-6)/(-33). Let i be j(v). Suppose -17 - 31 = -i*y + 4*d, 1 = -d. List the prime factors of y.
2, 11
Let m(p) = 2*p**2 + 6*p + 19. What are the prime factors of m(-12)?
5, 47
Let b(d) be the third derivative of 2/3*d**4 + 0 + 0*d**3 + 0*d - 5*d**2. What are the prime factors of b(2)?
2
Let v = -274 - -565. List the prime factors of v.
3, 97
Suppose 2*p = -8*c + 4*c + 278, -c + 275 = 2*p. What are the prime factors of p?
137
Suppose 7*o = 15*o - 24. Suppose -o*v + j = 2*v - 37, -20 = -4*v + 4*j. What ar